hundreds digit of 119457?
4
What is the hundreds digit of 5384?
3
What is the thousands digit of 3211?
3
What is the ten thousands digit of 63527?
6
What is the thousands digit of 14108?
4
What is the units digit of 75792?
2
What is the units digit of 4535?
5
What is the hundreds digit of 14395?
3
What is the tens digit of 27511?
1
What is the hundreds digit of 983?
9
What is the tens digit of 27949?
4
What is the thousands digit of 2484?
2
What is the units digit of 35315?
5
What is the tens digit of 6178?
7
What is the units digit of 4075?
5
What is the hundreds digit of 2530?
5
What is the hundreds digit of 9396?
3
What is the tens digit of 3011?
1
What is the tens digit of 3865?
6
What is the hundreds digit of 29276?
2
What is the hundreds digit of 2022?
0
What is the thousands digit of 1147?
1
What is the units digit of 5083?
3
What is the hundreds digit of 9886?
8
What is the thousands digit of 42840?
2
What is the ten thousands digit of 11578?
1
What is the units digit of 500?
0
What is the units digit of 4954?
4
What is the tens digit of 1357?
5
What is the tens digit of 348?
4
What is the tens digit of 730?
3
What is the ten thousands digit of 79883?
7
What is the units digit of 144239?
9
What is the hundreds digit of 4251?
2
What is the tens digit of 347?
4
What is the hundreds digit of 7065?
0
What is the hundreds digit of 6460?
4
What is the tens digit of 63793?
9
What is the hundreds digit of 3304?
3
What is the hundred thousands digit of 154357?
1
What is the units digit of 179?
9
What is the thousands digit of 26709?
6
What is the ten thousands digit of 54553?
5
What is the tens digit of 744?
4
What is the tens digit of 788?
8
What is the thousands digit of 1595?
1
What is the thousands digit of 1170?
1
What is the ten thousands digit of 10312?
1
What is the tens digit of 3309?
0
What is the tens digit of 41709?
0
What is the hundreds digit of 156926?
9
What is the hundreds digit of 3165?
1
What is the hundreds digit of 1936?
9
What is the tens digit of 40650?
5
What is the hundreds digit of 88694?
6
What is the units digit of 32374?
4
What is the hundreds digit of 5100?
1
What is the hundreds digit of 378?
3
What is the ten thousands digit of 34134?
3
What is the thousands digit of 3292?
3
What is the units digit of 466?
6
What is the hundreds digit of 24304?
3
What is the tens digit of 1160?
6
What is the units digit of 2773?
3
What is the units digit of 785?
5
What is the hundred thousands digit of 109966?
1
What is the thousands digit of 2678?
2
What is the tens digit of 1526?
2
What is the units digit of 1594?
4
What is the ten thousands digit of 16711?
1
What is the hundred thousands digit of 116778?
1
What is the tens digit of 1174?
7
What is the tens digit of 10808?
0
What is the hundreds digit of 1043?
0
What is the units digit of 5848?
8
What is the hundreds digit of 32711?
7
What is the ten thousands digit of 65420?
6
What is the hundreds digit of 365?
3
What is the ten thousands digit of 164663?
6
What is the hundreds digit of 3200?
2
What is the units digit of 14386?
6
What is the tens digit of 22491?
9
What is the hundreds digit of 11675?
6
What is the hundreds digit of 164?
1
What is the units digit of 4260?
0
What is the tens digit of 1404?
0
What is the tens digit of 7435?
3
What is the tens digit of 57645?
4
What is the units digit of 5611?
1
What is the tens digit of 11962?
6
What is the tens digit of 43134?
3
What is the tens digit of 537?
3
What is the thousands digit of 32038?
2
What is the hundreds digit of 289?
2
What is the units digit of 24198?
8
What is the units digit of 1771?
1
What is the tens digit of 57428?
2
What is the thousands digit of 7576?
7
What is the hundreds digit of 7822?
8
What is the tens digit of 6294?
9
What is the tens digit of 30193?
9
What is the units digit of 210?
0
What is the thousands digit of 20021?
0
What is the tens digit of 61539?
3
What is the ten thousands digit of 15978?
1
What is the tens digit of 5011?
1
What is the tens digit of 1807?
0
What is the thousands digit of 7856?
7
What is the tens digit of 13941?
4
What is the hundreds digit of 442?
4
What is the units digit of 382?
2
What is the hundreds digit of 11863?
8
What is the ten thousands digit of 11957?
1
What is the hundreds digit of 15418?
4
What is the units digit of 24036?
6
What is the thousands digit of 2353?
2
What is the tens digit of 221?
2
What is the tens digit of 103?
0
What is the thousands digit of 113882?
3
What is the thousands digit of 2315?
2
What is the tens digit of 1505?
0
What is the units digit of 3177?
7
What is the units digit of 174?
4
What is the hundreds digit of 83493?
4
What is the units digit of 7368?
8
What is the tens digit of 3635?
3
What is the tens digit of 89983?
8
What is the units digit of 13619?
9
What is the thousands digit of 4094?
4
What is the thousands digit of 3884?
3
What is the ten thousands digit of 76349?
7
What is the units digit of 714?
4
What is the hundreds digit of 15297?
2
What is the thousands digit of 1025?
1
What is the tens digit of 1515?
1
What is the units digit of 343?
3
What is the hundreds digit of 829?
8
What is the ten thousands digit of 48269?
4
What is the tens digit of 708?
0
What is the tens digit of 8323?
2
What is the units digit of 30008?
8
What is the tens digit of 9609?
0
What is the hundreds digit of 6795?
7
What is the tens digit of 156227?
2
What is the tens digit of 515?
1
What is the units digit of 403?
3
What is the units digit of 30179?
9
What is the hundreds digit of 49386?
3
What is the hundreds digit of 3352?
3
What is the units digit of 969?
9
What is the thousands digit of 42613?
2
What is the thousands digit of 92899?
2
What is the units digit of 301?
1
What is the units digit of 64725?
5
What is the thousands digit of 4958?
4
What is the thousands digit of 80235?
0
What is the thousands digit of 1193?
1
What is the tens digit of 107611?
1
What is the thousands digit of 27931?
7
What is the ten thousands digit of 46543?
4
What is the units digit of 949?
9
What is the tens digit of 796?
9
What is the ten thousands digit of 50097?
5
What is the thousands digit of 2007?
2
What is the hundreds digit of 2349?
3
What is the units digit of 15017?
7
What is the ten thousands digit of 15376?
1
What is the thousands digit of 2130?
2
What is the units digit of 54300?
0
What is the hundreds digit of 9426?
4
What is the tens digit of 5783?
8
What is the ten thousands digit of 12515?
1
What is the units digit of 9790?
0
What is the units digit of 869?
9
What is the hundreds digit of 2486?
4
What is the units digit of 3241?
1
What is the thousands digit of 111170?
1
What is the hundreds digit of 45711?
7
What is the tens digit of 36?
3
What is the tens digit of 15485?
8
What is the hundreds digit of 8803?
8
What is the thousands digit of 34076?
4
What is the units digit of 62635?
5
What is the hundreds digit of 1684?
6
What is the hundreds digit of 3498?
4
What is the units digit of 6021?
1
What is the units digit of 789?
9
What is the tens digit of 3116?
1
What is the thousands digit of 4900?
4
What is the tens digit of 2598?
9
What is the tens digit of 27589?
8
What is the units digit of 917?
7
What is the thousands digit of 2921?
2
What is the tens digit of 1087?
8
What is the ten thousands digit of 20089?
2
What is the ten thousands digit of 116265?
1
What is the tens digit of 61839?
3
What is the units digit of 867?
7
What is the tens digit of 26566?
6
What is the hundreds digit of 113881?
8
What is the units digit of 8820?
0
What is the units digit of 10871?
1
What is the tens digit of 21045?
4
What is the hundreds digit of 4022?
0
What is the thousands digit of 21973?
1
What is the thousands digit of 5716?
5
What is the units digit of 1207?
7
What is the units digit of 417?
7
What is the units digit of 7343?
3
What is the thousands digit of 3487?
3
What is the units digit of 1517?
7
What is the tens digit of 86?
8
What is the hundreds digit of 3322?
3
What is the ten thousands digit of 27366?
2
What is the hundreds digit of 3889?
8
What is the units digit of 10398?
8
What is the hundreds digit of 6463?
4
What is the thousands digit of 5791?
5
What is the hundreds digit of 3910?
9
What is the thousands digit of 24587?
4
What i